hat are the prime factors of 1169?
7, 167
List the prime factors of 1822.
2, 911
List the prime factors of 27051.
3, 71, 127
List the prime factors of 8531.
19, 449
List the prime factors of 110.
2, 5, 11
List the prime factors of 5720.
2, 5, 11, 13
What are the prime factors of 24571?
24571
What are the prime factors of 3892?
2, 7, 139
List the prime factors of 823.
823
List the prime factors of 6292.
2, 11, 13
What are the prime factors of 4403?
7, 17, 37
List the prime factors of 2878.
2, 1439
What are the prime factors of 606?
2, 3, 101
List the prime factors of 970.
2, 5, 97
List the prime factors of 19805.
5, 17, 233
What are the prime factors of 65151?
3, 19, 127
What are the prime factors of 3621?
3, 17, 71
What are the prime factors of 41665?
5, 13, 641
List the prime factors of 1832.
2, 229
What are the prime factors of 5322?
2, 3, 887
List the prime factors of 355.
5, 71
List the prime factors of 2718.
2, 3, 151
List the prime factors of 127966.
2, 109, 587
What are the prime factors of 1106?
2, 7, 79
What are the prime factors of 91417?
113, 809
List the prime factors of 35421.
3, 11807
What are the prime factors of 68823?
3, 2549
List the prime factors of 53560.
2, 5, 13, 103
What are the prime factors of 8296?
2, 17, 61
List the prime factors of 823.
823
What are the prime factors of 50396?
2, 43, 293
What are the prime factors of 13991?
17, 823
List the prime factors of 2867.
47, 61
List the prime factors of 8929.
8929
List the prime factors of 13813.
19, 727
List the prime factors of 10783.
41, 263
List the prime factors of 12719.
7, 23, 79
List the prime factors of 25139.
23, 1093
List the prime factors of 2115.
3, 5, 47
List the prime factors of 105728.
2, 7, 59
List the prime factors of 8971.
8971
List the prime factors of 4365.
3, 5, 97
What are the prime factors of 5676?
2, 3, 11, 43
What are the prime factors of 2640?
2, 3, 5, 11
What are the prime factors of 1494?
2, 3, 83
List the prime factors of 38079.
3, 4231
What are the prime factors of 61047?
3, 7, 17, 19
What are the prime factors of 12130?
2, 5, 1213
List the prime factors of 4514.
2, 37, 61
What are the prime factors of 16779?
3, 7, 17, 47
What are the prime factors of 3204?
2, 3, 89
What are the prime factors of 827?
827
List the prime factors of 4868.
2, 1217
List the prime factors of 18401.
18401
List the prime factors of 670.
2, 5, 67
What are the prime factors of 1294?
2, 647
List the prime factors of 2854.
2, 1427
What are the prime factors of 34329?
3, 11443
What are the prime factors of 1153?
1153
What are the prime factors of 3304?
2, 7, 59
What are the prime factors of 34104?
2, 3, 7, 29
What are the prime factors of 12316?
2, 3079
What are the prime factors of 1276?
2, 11, 29
List the prime factors of 1511.
1511
List the prime factors of 159758.
2, 23, 151
List the prime factors of 17842.
2, 11, 811
What are the prime factors of 3816?
2, 3, 53
What are the prime factors of 135?
3, 5
List the prime factors of 5990.
2, 5, 599
What are the prime factors of 14797?
14797
What are the prime factors of 928?
2, 29
What are the prime factors of 1417?
13, 109
List the prime factors of 127259.
11, 23, 503
What are the prime factors of 1536?
2, 3
What are the prime factors of 11143?
11, 1013
What are the prime factors of 7004?
2, 17, 103
List the prime factors of 850.
2, 5, 17
List the prime factors of 422.
2, 211
What are the prime factors of 17051?
17, 59
List the prime factors of 5709.
3, 11, 173
What are the prime factors of 124?
2, 31
What are the prime factors of 132?
2, 3, 11
What are the prime factors of 4212?
2, 3, 13
List the prime factors of 7406.
2, 7, 23
List the prime factors of 4515.
3, 5, 7, 43
What are the prime factors of 17362?
2, 8681
List the prime factors of 48339.
3, 41, 131
What are the prime factors of 2047?
23, 89
List the prime factors of 8532.
2, 3, 79
List the prime factors of 64082.
2, 179
What are the prime factors of 2204?
2, 19, 29
List the prime factors of 33996.
2, 3, 2833
What are the prime factors of 4656?
2, 3, 97
What are the prime factors of 665?
5, 7, 19
What are the prime factors of 31232?
2, 61
What are the prime factors of 13258?
2, 7, 947
What are the prime factors of 5603?
13, 431
What are the prime factors of 37467?
3, 23, 181
What are the prime factors of 40077?
3, 61, 73
What are the prime factors of 15761?
15761
What are the prime factors of 23653?
7, 31, 109
List the prime factors of 77587.
77587
List the prime factors of 15337.
7, 313
What are the prime factors of 21047?
13, 1619
List the prime factors of 18117.
3, 11, 61
List the prime factors of 6454.
2, 7, 461
What are the prime factors of 15044?
2, 3761
What are the prime factors of 2899?
13, 223
What are the prime factors of 4926?
2, 3, 821
What are the prime factors of 78532?
2, 29, 677
List the prime factors of 3668.
2, 7, 131
List the prime factors of 21418.
2, 10709
List the prime factors of 3024.
2, 3, 7
List the prime factors of 6070.
2, 5, 607
What are the prime factors of 40222?
2, 7, 13, 17
What are the prime factors of 961?
31
What are the prime factors of 6789?
3, 31, 73
List the prime factors of 45679.
17, 2687
What are the prime factors of 75585?
3, 5, 5039
What are the prime factors of 23969?
11, 2179
List the prime factors of 24755.
5, 4951
List the prime factors of 9233.
7, 1319
List the prime factors of 6125.
5, 7
What are the prime factors of 17494?
2, 8747
List the prime factors of 6369.
3, 11, 193
List the prime factors of 649.
11, 59
List the prime factors of 9029.
9029
What are the prime factors of 11961?
3, 443
What are the prime factors of 66987?
3, 827
List the prime factors of 722.
2, 19
List the prime factors of 6820.
2, 5, 11, 31
What are the prime factors of 72765?
3, 5, 7, 11
What are the prime factors of 1153?
1153
What are the prime factors of 19174?
2, 9587
What are the prime factors of 2054?
2, 13, 79
List the prime factors of 71775.
3, 5, 11, 29
List the prime factors of 3719.
3719
What are the prime factors of 1838?
2, 919
What are the prime factors of 83533?
103, 811
What are the prime factors of 1782?
2, 3, 11
List the prime factors of 41.
41
List the prime factors of 2104.
2, 263
What are the prime factors of 11068?
2, 2767
What are the prime factors of 23500?
2, 5, 47
List the prime factors of 21985.
5, 4397
What are the prime factors of 14163?
3, 4721
List the prime factors of 139788.
2, 3, 11, 353
List the prime factors of 877.
877
What are the prime factors of 17141?
61, 281
List the prime factors of 2801.
2801
What are the prime factors of 101?
101
What are the prime factors of 43738?
2, 19, 1151
What are the prime factors of 18835?
5, 3767
List the prime factors of 15314.
2, 13, 19, 31
List the prime factors of 5464.
2, 683
What are the prime factors of 2724?
2, 3, 227
List the prime factors of 1915.
5, 383
What are the prime factors of 245?
5, 7
List the prime factors of 984.
2, 3, 41
What are the prime factors of 7582?
2, 17, 223
List the prime factors of 6826.
2, 3413
List the prime factors of 660.
2, 3, 5, 11
What are the prime factors of 17064?
2, 3, 79
List the prime factors of 6421.
6421
What are the prime factors of 6579?
3, 17, 43
What are the prime factors of 2308?
2, 577
List the prime factors of 68293.
31, 2203
What are the prime factors of 84016?
2, 59, 89
What are the prime factors of 4092?
2, 3, 11, 31
What are the prime factors of 1014?
2, 3, 13
List the prime factors of 7242.
2, 3, 17, 71
List the prime factors of 14902.
2, 7451
List the prime factors of 21604.
2, 11, 491
What are the prime factors of 54330?
2, 3, 5, 1811
List the prime factors of 5070.
2, 3, 5, 13
What are the prime factors of 884?
2, 13, 17
What are the prime factors of 218?
2, 109
What are the prime factors of 5408?
2, 13
List the prime factors of 25032.
2, 3, 7, 149
List the prime factors of 2546.
2, 19, 67
What are the prime factors of 1445?
5, 17
What are the prime factors of 1632?
2, 3, 17
What are the prime factors of 454?
2, 227
List the prime factors of 6283.
61, 103
List the prime factors of 7827.
3, 2609
List the prime factors of 4057.
4057
What are the prime factors of 5497?
23, 239
What are the prime factors of 89725?
5, 37, 97
What are the prime factors of 2959?
11, 269
What are the prime factors of 14990?
2,